he greatest common divisor of 258076 and 13052?
52
What is the greatest common factor of 123857134 and 65299?
5023
Calculate the greatest common divisor of 1308 and 1893.
3
Calculate the highest common divisor of 34 and 64967030.
34
What is the highest common factor of 50761809 and 567?
567
Calculate the highest common factor of 4986 and 11538.
18
What is the greatest common divisor of 14025077 and 9987?
3329
Calculate the highest common factor of 1854 and 154312746.
618
What is the highest common factor of 471 and 1661845?
157
What is the greatest common factor of 217 and 1820399?
7
Calculate the greatest common factor of 129 and 494696166.
129
What is the greatest common factor of 5365938 and 657?
219
What is the greatest common divisor of 3146 and 272948?
26
What is the greatest common divisor of 4212 and 38597364?
1404
Calculate the greatest common factor of 66022 and 263846.
22
Calculate the greatest common factor of 218965 and 155.
5
Calculate the greatest common divisor of 227419496 and 16.
8
What is the greatest common divisor of 6825 and 704600?
325
Calculate the greatest common divisor of 1140 and 54534940.
380
What is the greatest common factor of 76268 and 44459?
23
Calculate the greatest common divisor of 8041 and 1993321.
11
Calculate the greatest common factor of 943507 and 10825.
433
What is the highest common factor of 16287 and 219741?
267
Calculate the greatest common factor of 1210937 and 14378.
91
Calculate the greatest common factor of 3525425100 and 270.
270
What is the greatest common divisor of 132 and 295303756?
44
What is the highest common factor of 11228 and 15958196?
1604
Calculate the greatest common divisor of 15964471 and 633.
211
Calculate the greatest common divisor of 457960 and 47722.
214
What is the highest common divisor of 129 and 53529109?
43
Calculate the greatest common divisor of 32975315 and 43009.
1049
Calculate the highest common factor of 24512 and 2543120.
6128
Calculate the highest common factor of 575 and 578057275.
575
What is the highest common factor of 40702 and 73132?
94
Calculate the greatest common divisor of 210999177 and 27.
9
Calculate the greatest common factor of 581 and 159129758.
83
What is the greatest common divisor of 5895343 and 9159?
3053
What is the greatest common factor of 65245056 and 384?
384
What is the highest common factor of 21104 and 8432?
16
Calculate the greatest common factor of 1062718630 and 290.
290
Calculate the highest common factor of 8408 and 24244.
4
What is the greatest common divisor of 209366 and 2?
2
Calculate the greatest common divisor of 194497643 and 43.
43
Calculate the greatest common divisor of 3149 and 11266117.
67
Calculate the greatest common divisor of 7550 and 17973530.
1510
What is the greatest common factor of 33250 and 33782?
266
Calculate the highest common divisor of 1485492673 and 98.
49
Calculate the greatest common factor of 334450 and 4750.
50
What is the greatest common divisor of 143330 and 19970?
10
What is the highest common divisor of 1470 and 52699890?
30
What is the highest common divisor of 673532761 and 22?
11
What is the greatest common factor of 65830164 and 12?
12
Calculate the highest common divisor of 3382897 and 31423.
469
Calculate the highest common factor of 11 and 86279501.
11
Calculate the greatest common divisor of 26434542 and 9398.
254
What is the highest common divisor of 8954634 and 676?
338
What is the highest common divisor of 132759970 and 3570?
1190
Calculate the highest common divisor of 3743 and 73517839.
197
Calculate the highest common divisor of 50 and 17814075.
25
What is the highest common divisor of 165742 and 1949042?
2098
What is the highest common factor of 1171495 and 2941515?
1345
Calculate the greatest common factor of 378 and 2153928.
42
Calculate the greatest common divisor of 8429724 and 7209.
2403
Calculate the highest common factor of 250 and 9735125.
125
Calculate the greatest common divisor of 708294 and 1097846.
194
Calculate the greatest common factor of 6595 and 42331986.
1319
Calculate the highest common factor of 2955825 and 319667.
4379
What is the highest common factor of 17226506 and 440?
22
Calculate the highest common divisor of 286289217 and 6462.
3231
What is the greatest common factor of 393876501 and 1011?
1011
What is the greatest common divisor of 91796335 and 75440?
4715
What is the greatest common factor of 133094808 and 9856?
616
Calculate the highest common divisor of 927 and 678603861.
927
What is the highest common divisor of 10001 and 3154151?
137
What is the highest common divisor of 9441777 and 9?
3
What is the highest common divisor of 21474345 and 1455?
1455
Calculate the greatest common divisor of 1817853 and 1305.
3
What is the greatest common divisor of 1735 and 1407669695?
1735
What is the greatest common divisor of 37 and 232163419?
37
What is the greatest common divisor of 2635557 and 5874?
267
What is the greatest common divisor of 8386100 and 200?
100
What is the greatest common divisor of 14 and 90247584?
14
Calculate the highest common factor of 3944710 and 3052.
1526
Calculate the highest common factor of 3703 and 512946.
161
What is the greatest common factor of 3754 and 7864?
2
Calculate the highest common divisor of 18264434 and 2337.
779
What is the highest common divisor of 65676 and 63571?
421
What is the highest common divisor of 36 and 821224044?
36
Calculate the greatest common factor of 116974 and 38753.
143
Calculate the greatest common divisor of 7681168 and 132.
44
Calculate the greatest common divisor of 3272639372 and 3844.
3844
Calculate the greatest common factor of 900 and 4851486.
18
Calculate the highest common divisor of 19643360 and 20.
20
What is the highest common factor of 52282890 and 1386?
198
Calculate the highest common divisor of 2960988 and 54350.
2174
Calculate the highest common factor of 120003285 and 45.
15
What is the highest common divisor of 1229609680 and 1230?
410
What is the highest common factor of 10474912 and 224?
224
Calculate the greatest common divisor of 64 and 154602304.
64
What is the greatest common divisor of 228576385 and 2865?
955
What is the highest common divisor of 55572 and 744084?
132
Calculate the highest common divisor of 6018 and 636378.
102
Calculate the highest common factor of 2163612117 and 17.
17
What is the highest common factor of 258 and 161976?
6
What is the highest common divisor of 883834276 and 58?
58
What is the highest common divisor of 5427 and 2004439?
67
Calculate the highest common factor of 69 and 2634034497.
69
What is the highest common factor of 55 and 1422945535?
55
Calculate the highest common divisor of 262265820 and 80.
20
What is the highest common divisor of 425331743 and 12055?
2411
What is the highest common factor of 308341519 and 41968?
2623
Calculate the highest common factor of 2750 and 755125.
125
What is the highest common divisor of 667590786 and 18?
18
Calculate the highest common divisor of 162345470 and 35.
35
Calculate the highest common divisor of 40 and 169869.
1
What is the greatest common divisor of 160 and 151590580?
20
What is the greatest common divisor of 406850 and 233050?
3950
What is the greatest common factor of 68081769 and 61047?
3591
What is the greatest common divisor of 7888 and 8831167?
29
What is the highest common divisor of 2596932 and 12085164?
14508
What is the greatest common divisor of 6855 and 12820?
5
Calculate the highest common factor of 38694106 and 198.
22
Calculate the greatest common divisor of 78453 and 10290987.
3411
Calculate the highest common factor of 38345970 and 390.
390
Calculate the greatest common divisor of 2806 and 1534394.
122
Calculate the greatest common factor of 16756 and 9546092.
284
Calculate the highest common divisor of 17163435 and 780.
15
Calculate the highest common factor of 4393952 and 60777.
2251
What is the greatest common factor of 389295952 and 4547?
4547
Calculate the highest common factor of 1515813 and 140361.
39
What is the greatest common divisor of 24525 and 599876595?
4905
Calculate the greatest common divisor of 216 and 419050296.
72
What is the greatest common factor of 13 and 81046771?
13
Calculate the highest common factor of 7512656 and 192.
16
Calculate the high